hat is the value of 1 + -1 + (14 - (47 + 0 - 29))?
-4
1424 - 1434 - (-23 + 0)
13
Calculate (-152 - -281) + (-85 - 168).
-124
What is -131 + (38 - -37) + 9?
-47
What is the value of 20 + 2 + (-54 - (-30 - 21))?
19
What is the value of -73 + 76 - (2 + -8) - (-8 + 19 - -35)?
-37
(-4 - 36) + 10 - (145 - 148)
-27
2 + (17 - -121) - 16 - (-57 - -53)
128
What is 30 - ((32 - 31) + 38 + -14)?
5
What is (2 + 6 - 1) + -6641 + 6604?
-30
Evaluate -1 + 11 - (90 + -5 + 6 + 1).
-82
Calculate 91 - (32 - -34 - 12 - 20).
57
14 + -4 + (-4 - (24 + -5)) + 66
53
Calculate (-1 - 19 - -2) + -3101 + 3106.
-13
Calculate 44 - 5 - (-2 - 3) - (-2 + -1 - 4).
51
Evaluate (-76 - -25 - -58) + (1 - (4 - -2)) + -62.
-60
Evaluate 15 + (-2 - (30 + -15 - 23)) + -17.
4
Evaluate -19 - (3 + 12 + (-15 - -6) - (-4 - -6)).
-23
Calculate 249 - 234 - (1 + 57) - (-1 + -4).
-38
Evaluate (29 - 14 - 6) + (-5 - -7 - 8).
3
Calculate 41 + (68 - 174) + 24.
-41
What is the value of 8 - 35 - (-6 - (109 - 49))?
39
Calculate 10 + 17 + (-6 - -4 - 17 - 17).
-9
(3 - 46) + -13 + -3 + -15
-74
Calculate -266 + 154 - (-10 - (-6 + 6 + 9)).
-93
Calculate 16 - -52 - (72 - -10).
-14
Calculate -89 + (48 - (-14 - (-47 - 5))).
-79
What is the value of -1 + -85 + (-12 + -28 - (9 + -66))?
-69
What is the value of -37 + 34 + -35 + 40 - 134?
-132
Evaluate -36 + 41 + -27 + (37 - -6).
21
-26 - (-19 - (15 - 43))
-35
(-17 - 5) + 1 + -72 + 83 - 36
-46
3 + (3 - (-8 - -22)) + (-82 + 12 - -2)
-76
Evaluate -15 + -2 + -20 + 25 + (-1 - 32).
-45
What is 9 + -26 + (-118 - -82 - (-1 - -6))?
-58
Calculate 2 - (-76 - (0 - -3)) - (-829 - -839).
71
What is the value of -7 + -5 - (-14 + 4 - (-38 - -28))?
-12
Evaluate (-46 - -55 - -13) + -35 + 0.
-13
Evaluate -10 + 126 + (-16 - 46).
54
What is 33 + (4 - 34 - (19 - 6))?
-10
139 - (114 - (-49 - -152))
128
What is the value of (91 - 69 - -10) + 30 + 3?
65
Calculate 104 + 2 - (2039 + -1988).
55
Evaluate (-6 - (-52 - -13)) + 52 + 1.
86
-9 - ((13 - (0 + 47)) + 14 - 4)
15
Evaluate 27 - (61 - 11) - -11.
-12
Calculate -50 - -56 - (3 - -1) - 6.
-4
Calculate -52 - (-42 + 67 - 10).
-67
Evaluate (-65 - (-10 - 75)) + -2.
18
Calculate 88 - (22 + (-48 - -21) - -19).
74
Calculate -83 + 68 + 26 - (-6 - 0).
17
Calculate -4 + (-1 - 18 - (-44 - 5)).
26
What is the value of 20 + -23 - (-20 - (-5 - -23))?
35
What is the value of 193 + -155 + (-3 - 14) - 14?
7
19 + 0 - (-83 - -35)
67
Evaluate (-95 - -37) + 46 - (23 + 0).
-35
Calculate (-3 - (-6 + -3)) + (22 - 1 - (23 + -9)).
13
Evaluate 14 + -81 + -87 + 175.
21
Evaluate (67 + 72 - 58) + -43.
38
Calculate -13 + 10 + -7 + 0 + 12 + -14.
-12
Calculate 44 - (-1 - (2 - 5)) - (1360 - 1349).
31
Calculate 7401 - 7389 - (-2 + 5 + (-79 - 4)).
92
Calculate -24 + (-22 - -2) + -23 + (34 - -5).
-28
-47 - 6 - (-24 + -8 - -56)
-77
Evaluate 6 - (123 - 8) - (-569 - -550).
-90
Evaluate -6 - 63 - -78 - 6.
3
-26 + -12 + 170 + (23 - (14 + 4))
137
Evaluate 141 + -87 + -39 + 44.
59
What is the value of (17 - 8) + 1 + -14 - (-6 - -4)?
-2
(44 - 73) + (47 - 22) + (38 - 0)
34
What is 4 + -70 + 21 + 11 + 17?
-17
What is 1 - -2 - (12 - 1 - ((11 - 6) + 21))?
18
What is 24 + -63 + -30 + 29?
-40
-20 + (-8 - -5 - (-10 + -7))
-6
What is the value of (3 - -36) + -61 + 45 + -11?
12
Calculate (4 - -3 - -54) + 65 + -79.
47
Calculate 4 + (-57 - (-8 + 8 + 2)) + 10 - -1.
-44
Calculate (20 - 7 - -3) + -852 + 931.
95
Evaluate 2027 + -1947 - (23 - 1).
58
Calculate -437 - -420 - (1 + -30) - 52.
-40
(86 + -125 - -3) + -29
-65
Evaluate -45 - -44 - 68 - ((-4 - -10) + 7).
-82
What is the value of (-45 + 178 - 45) + -5 + (4 - (0 - 7))?
94
What is the value of 52 + 15 + -27 + (11 - 7)?
44
Evaluate 89 - 55 - (-12 + 3).
43
Evaluate 9 + 0 + (-3 - -3) + 530 + -497.
42
Evaluate 143 - -3 - (86 - (141 + -79)).
122
-87 - (887 - 912 - (1 - (13 - (-3 - -3))))
-74
48 + -28 + 2 + 18 - 20
20
41 + 4 - (-151 + 211)
-15
What is the value of -4 + -34 + 5 - ((27 - -5) + -27)?
-38
Evaluate -9 + (117 + -78 - (-1 - -33)).
-2
Calculate 1 + -7 + 42 + (-10 + 25 - 12 - 9).
30
What is (-4 - (-24 + -24)) + (5 - 12)?
37
Evaluate (464 + -413 - (1 - -10)) + -3.
37
Calculate (26 - (0 + 7)) + (-641 - -558).
-64
Evaluate -11 + (20 - (39 + -12) - (-2 + -1)).
-15
Evaluate -6 - (-2 - -30) - -63.
29
Calculate (-23 + 55 - 6) + 10.
36
30 + (-1 - (5 - 8)) - (-491 - -489)
34
What is (-38 - -11 - (-16 - 0) - (55 - 1)) + 4?
-61
What is the value of -163 - -124 - (2 + 9) - 1?
-51
What is (478 - 352) + -72 + -18?
36
What is the value of 2 + (1 - 19) - (2085 + -2108 + (12 - -1))?
-6
Calculate -26 - (-128 - 8) - (11 + -14 + (1 - 8)).
120
What is -81 + (-110 - -94) - -225?
128
(97 - 103 - (-35 + (-3 - -1))) + -8
23
What is 21 - -22 - (55 - -1)?
-13
Evaluate -1 + ((22 - 6) + 15 + 1 - -14).
45
Calculate (-5 - 0 - -6) + (-45 - -52 - (86 - 2)).
-76
What is the value of -17 + 21 + 8 - (-95 + -2 + 17)?
92
What is the value of -6 + -12 + 63 - (-2 + 11)?
36
What is the value of -1 + -7 + (7 - 40) + (-15 + 8 - 7)?
-55
Calculate 2 - 3 - 79 - (121 + (-275 - -155)).
-81
Calculate 119 + -22 + 19 + 4 + 8 + (22 - 32).
118
What is 378 + -390 + (-2 - -60) - 135?
-89
What is the value of 104 - (43 - -4) - 69?
-12
Evaluate 79 + -15 + 1 - (-9 + 12 + 11).
51
Calculate 22 + (4 + 9 - -4) - 27.
12
Evaluate -2 - (3 + -2) - (27 + 10 + -18 - 78).
56
Evaluate -68 + 9 - (-2 - (9 + 12 + -8)).
-44
Calculate (7 - -34 - 52) + (-5 - ((-43 - 2) + 3)).
26
138 - 135 - (34 - (2 + -3))
-32
What is the value of 159 - (-5 - -71) - 42?
51
Calculate 21 + -54 + (14 - 51) - -39.
-31
What is -19 + 1 - (-6 + 67 + -14 + -51)?
-14
2 - 5 - (-7 - 14)
18
Calculate -16 + 25 - 37 - (14 + -6).
-36
What is the value of -21 - ((3 - 19) + (146 - 167))?
16
What is the value of (-1 + 3 - (4 - (-9 - (7 + -12)))) + 39?
33
3 + 59 + (90 - 86) + (8 - 10)
64
What is the value of -5 + 71 - (1 - -27)?
38
(1 - 20) + 27 + -24
-16
Evaluate (-49 - (34 - 45)) + 14 + 8.
-16
What is 4 + -112 - -167 - 124?
-65
What is (-4 - -2) + -3 + -4 + (581 - 563) - 23?
-14
Evaluate -7 - (-4 + 7 - (-23 + (9 - -29 - 12))).
-7
What is -79 + (-16 - 2 - (13 + 6 - 51))?
-65
What is the value of 61 + 0 + -3 - 2 - (-1413 - -1398)?
71
What is -14 + 7 - (-20 + -15 + 20)?
8
What is (3 + (3 - 4) - -8) + 1402 + -1394?
18
Calculate 7 + -68 + 127 - -48.
114
Calculate -116 + (3 - -78) + 125.
90
Calculate 7 - -2 - -4 - 0 - (1078 + -1011).
-54
What is the value of (-8 - 62) + 38 - (-9 - 126)?
103
Evaluate 9 + 43 + (-10 - (4 + -8)).
46
What is (-35 - 0) + (7 + (17 - 2) - (15 + 16))?
-44
What is (-7 + -5 + 14 - 15) + 22?
9
What is the value of (-8 - (-18 + 6 + 13 + -21)) + 36?
48
What is -12 + 9 + 0 + 39 + -10 + (-2 - -11)?
35
What is the value of 78 + (15 - 42) + -80?
-29
Calculate -85 - (15 + -72) - 57.
-85
Calculate 37 - (13 - 47 - 2 - -10).
63
Evaluate (-2 + 3 - 8) + -2703 + 2696.
-14
Calculate -1 + 6 - ((19 - (5 + 6)) + 19).
-22
Calculate (38 - 4) + (13 - 18) + 16.
45
Calculate 5 + (34 - 41 - 8) - 43.
-53
What is the value of 44 + -146 - (2930 - 2937 - (0 + (-1 - 4)))?
-100
What is 24 + (-1 + 7 - (-59 + 56)) + 7?
40
What is (-39 - -18) + 48 + -76 - -30?
-19
Evaluate 27 - 35 - (8 + -1 + -8 - -5).
-12
Calculate (-7 - -5) + (-14 - (-42 + 24)).
2
What is the value of (0 + -8 - -26) + -4 + 20 + -3?
31
What is (-14 - -94) + -61 - -59?
78
Evaluate 2 + 2 + -5 + (-26 - (6 - -74)) + 34.
-73
Evaluate -1 + 1 + (-2662 - -2648 - (-1 + 1 - 4)).
-10
Calculate (-42 - 0) + -1 + (6 - -4) + 2.
-31
What is -12 + -16 + 0 + 4 + -4?
-28
Calculate 28 - (-25 - -21) - -16 - 12.
36
Evaluate 5 - (-75 + (25 - (0 + 15))).
70
Evaluate 27 + (35 - (7 - -13)).
42
Calculate -62 + -3 - (-150 + 137) - (-5 + 9 + -16).
-40
What is 156 + (-100 - -64) + -48?
72
What is 13 - (0 + -2 - -13 - 6 - -17)?
-9
(96 + -31 - 44) + 98
119
What is the value of (5 - 1) + -15 + -15 + (34 - (-15 - 12))?
35
Evaluate 0 - 7 - (-1 + (63 - -12)) - -13.
-68
What is (39 - -43) + 64 + -174?
-28
What is (0 + 0 - 2) + 82 + (5 - 37)?
48
12 + (6 - (-7 + (9 - 10) + 21))
5
111 + -128 - (-14 + 9 - -5 - -32)
-49
(-17 - 2) + (-192 - -206 - (89 - 0))
-94
What is -15 + 2 - (-28 - (34 + -50))?
-1
What is the value of 92 - (-109 - -121 - (1 - -25) - (-26 - -9))?
89
What is -20 - 2 - (30 + -116 + 75)?
-11
-2 + -4 + 7 + (18 + -1 - (-98 - -91))
25
Evaluate -1 + -48 - 4 - (5 - (11 - (-12 - -8))).
-43
What is (-740 - -891) + -48 + 12?
115
(